100001111 (base 2) to base 12
-14553
What is 189801 (base 12) in base 2?
1101001010101000001
Convert -1152878 (base 12) to base 8.
-14601534
-13102133 (base 5) to base 12
-62396
Convert -1211102200102 (base 3) to base 6.
-32504315
-14200233 (base 5) to base 7
-1151256
What is 404541 (base 6) in base 9?
48117
Convert -252803 (base 11) to base 5.
-100231230
What is 522201 (base 7) in base 6?
1530530
What is 313331232 (base 4) in base 6?
4525130
What is -1110000111010011001010 (base 2) in base 4?
-32013103022
Convert 4096712 (base 10) to base 12.
1456948
66190 (base 10) to base 15
1492a
Convert 2341430 (base 5) to base 15.
ccb0
-2332567 (base 8) to base 14
-127c47
-143004 (base 7) to base 8
-65464
-1112001001200 (base 3) to base 13
-223899
What is -4394 (base 15) in base 14?
-5306
What is -4148 (base 16) in base 10?
-16712
Convert 3b246 (base 12) to base 7.
456531
-1717075 (base 8) to base 6
-14411221
Convert 3a8862 (base 11) to base 10.
641247
10012202012 (base 3) to base 10
63239
What is 24205 (base 11) in base 7?
203420
What is 1121122100112 (base 3) in base 8?
3215613
What is 18b8b2 (base 12) in base 5?
102410024
What is 12770 (base 10) in base 7?
52142
Convert -10051136 (base 7) to base 8.
-3140577
-3327666 (base 11) to base 9
-11876154
5661212 (base 8) to base 10
1532554
Convert 1100011110111001000001 (base 2) to base 9.
6136621
-8ce466 (base 15) to base 13
-15187b9
Convert 16214210 (base 8) to base 4.
32101202020
Convert 864825 (base 9) to base 3.
222011220212
3132200302 (base 4) to base 5
213131120
11000000110111110111010 (base 2) to base 12
2149536
-2b5d22 (base 15) to base 9
-3843375
What is 3c0a53 (base 13) in base 2?
101100100000011000001
-12203050 (base 6) to base 2
-1011111000101100110
Convert 974605 (base 15) to base 12.
24b4905
What is 10100011010001010000110 (base 2) in base 3?
101001210211222
What is 2123122113 (base 4) in base 15?
c892c
-101100201032 (base 4) to base 16
-45084e
What is -152300 (base 13) in base 7?
-4261055
What is -1201534 (base 9) in base 6?
-21540304
What is -2115089 (base 10) in base 7?
-23656304
Convert 143e14 (base 15) to base 7.
11201026
-301302200 (base 4) to base 5
-23011221
Convert -13a4831 (base 13) to base 8.
-27624476
11431230 (base 6) to base 10
361890
Convert 545a9 (base 15) to base 2.
1000001011010000101
Convert 11200211222210 (base 3) to base 13.
695610
Convert -994b1 (base 13) to base 15.
-573e7
-331601 (base 7) to base 6
-1125422
1535213 (base 8) to base 6
13241311
What is 538520 (base 10) in base 7?
4402013
-200111022221020 (base 3) to base 12
-335b836
What is -502685 (base 9) in base 14?
-7a494
What is -200000200102 (base 3) in base 8?
-1264747
Convert 4576707 (base 10) to base 8.
21352703
Convert -314526 (base 7) to base 11.
-37a09
-4433505 (base 12) to base 11
-7384702
-1ba264 (base 12) to base 2
-1111000101111101100
What is 45023322 (base 6) in base 10?
1356386
Convert 5864865 (base 10) to base 11.
33463a6
What is b0936 (base 12) in base 8?
700072
What is 224231040 (base 5) in base 9?
1806070
-1111101011111110110 (base 2) to base 5
-112422123
-100011000000111101 (base 2) to base 10
-143421
1aeb28 (base 15) to base 12
535278
163574 (base 12) to base 6
12043424
b75a6 (base 12) to base 16
3ad8e
Convert 12112010000121 (base 3) to base 5.
1222404340
2ac802 (base 14) to base 10
1494306
3846 (base 14) to base 3
111112021
What is -7390c (base 13) in base 3?
-101120101121
Convert -523518 (base 12) to base 10.
-1291556
What is 52a36 (base 15) in base 14?
6b78c
What is -164035 (base 9) in base 13?
-371a2
What is 14341415 (base 6) in base 5?
111323233
1569638 (base 10) to base 12
638432
What is -1b54257 (base 12) in base 15?
-7a393d
267267 (base 11) to base 13
118c95
What is 2dd2b (base 15) in base 9?
245125
What is -1b1111 (base 15) in base 4?
-11002032322
What is 38a151 (base 13) in base 14?
277416
Convert -32a0 (base 14) to base 6.
-104324
732428 (base 10) to base 3
1101012200222
Convert -355216 (base 8) to base 7.
-1014121
What is -118a776 (base 13) in base 10?
-5449840
-3033403 (base 6) to base 10
-144651
What is -1c323 (base 14) in base 13?
-269a8
-215997 (base 13) to base 5
-200040102
What is 1517c (base 15) in base 12?
33316
Convert -4f983 (base 16) to base 5.
-40413034
What is -48ffc4 (base 16) in base 6?
-250312244
Convert 5a720 (base 11) to base 6.
1512320
Convert 22316062 (base 7) to base 12.
795164
Convert 10011100000110001110 (base 2) to base 7.
5302031
-544323440 (base 6) to base 15
-cc34a9
Convert a8524 (base 15) to base 8.
2023611
What is 6204200 (base 7) in base 14?
154070
Convert -131286a (base 11) to base 16.
-22af25
Convert 14ac2 (base 16) to base 8.
245302
52161410 (base 8) to base 4
222032030020
-416bdd (base 14) to base 9
-4135468
Convert 303614252 (base 7) to base 14.
25015d2
Convert -18282731 (base 9) to base 15.
-c1d091
What is 4534540 (base 6) in base 7?
1646616
What is 304036 (base 9) in base 2?
101011111110000000
1111011101110000111 (base 2) to base 10
506759
What is -6855b8 (base 16) in base 6?
-402315544
-3242311 (base 5) to base 6
-1111020
What is -1202110020111 (base 3) in base 10?
-934024
Convert 114132412 (base 5) to base 3.
1000021002100
Convert 1012351451 (base 6) to base 5.
10140344033
-2041 (base 8) to base 16
-421
What is -32123112131 (base 4) in base 12?
-1324825
What is f832 (base 16) in base 9?
106137
What is -a143 (base 15) in base 16?
-84f6
What is 6406620 (base 10) in base 15?
8683d0
Convert 100010010001010101011000 (base 2) to base 14.
129c02c
What is 267bb14 (base 12) in base 11?
4342089
10000020020 (base 3) to base 12
2a329
-132463 (base 10) to base 8
-402557
What is -25002302 (base 6) in base 13?
-21a355
What is 7c305 (base 13) in base 9?
375103
What is 12712a (base 11) in base 6?
4141003
163663235 (base 7) to base 5
10330103112
What is 193d5f (base 16) in base 15?
22a191
Convert -1002001222011121 (base 3) to base 8.
-72740666
-3363033 (base 7) to base 5
-101400302
6523 (base 9) to base 6
34120
What is -210802 (base 9) in base 12?
-60625
What is 5623838 (base 10) in base 9?
11521408
-11012211122 (base 3) to base 13
-2ba09
-1706774 (base 8) to base 15
-9ba6a
Convert -36553 (base 13) to base 16.
-185c2
What is -1016536 (base 7) in base 3?
-20012212121
Convert 34112650 (base 8) to base 13.
16b44ac
What is -85304 (base 12) in base 2?
-101010101101110100
Convert a553c2 (base 15) to base 9.
15716182
What is 1001010011010101011111 (base 2) in base 15?
3327b5
7a7314 (base 15) to base 5
2444034234
7bbd68 (base 14) to base 4
100012110020
Convert -17404ae (base 15) to base 9.
-34732812
130552 (base 6) to base 5
340001
-2460156 (base 7) to base 10
-317022
What is 473a69 (base 11) in base 13?
20436a
What is -27b629 (base 12) in base 6?
-22112053
What is -55101a (base 11) in base 7?
-10323023
-2c695 (base 13) to base 10
-84622
-224311413 (base 5) to base 15
-14e4dd
What is -1143221 (base 9) in base 7?
-5155651
Convert -211020203121 (base 4) to base 3.
-200022120000220
-313568 (base 11) to base 10
-502466
What is 249138 (base 12) in base 6?
20440512
-110101000001111101 (base 2) to base 3
-102000221221
11000010101010111 (base 2) to base 8
302527
-465716 (base 9) to base 13
-9a473
What is 40437665 (base 8) in base 2?
100000100011111110110101
What is 603a8 (base 13) in base 3?
22201221210
What is -1113232013 (base 4) in base 9?
-606775
What is -8ee72 (base 16) in base 14?
-113454
What is -226674 (base 8) in base 6?
-1353340
Convert -300b050 (base 13) to base 4.
-313111023103
Convert 455351 (base 6) to base 11.
27176
-7a489 (base 13) to base 2
-110110010111011110
110887 (base 9) to base 6
1231041
-22533404 (base 6) to base 11
-436528
183348 (base 9) to base 11
78727
Convert 486e3 (base 15) to base 16.
38697
-3994537 (base 10) to base 12
-14077a1
Convert 637760 (base 9) to base 2.
1011100101100110101
-6676 (base 14) to base 8
-42520
-11122201 (base 5) to base 7
-556646
Convert 21092 (base 14) to base 15.
18939
What is -101010100111101000100 (base 2) in base 11?
-87427a
283630 (base 14) to base 5
324024201
Convert -2357811 (base 11) to base 3.
-21201210112222
What is -3122341 (base 6) in base 14?
-3cdc9
9984 (base 12) to base 10
16948
What is -100120001011011 (base 3) in base 12?
-184b327
What is 9064a0 (base 12) in base 2?
1000100101011100111000
Convert -1000210002